nd 33?
11
Let s = 56 + -23. What is the greatest common factor of 3 and s?
3
Let j(i) = i**2 + 6*i - 10. Let h be j(-10). Suppose 0*t = -3*t + 225. What is the greatest common divisor of h and t?
15
Suppose 4*o + 2*i + 0 - 14 = 0, -2*o + 16 = -2*i. Suppose 2*u - 8 = 0, -5*l + 44 + 93 = 3*u. Calculate the highest common divisor of l and o.
5
Suppose -r - 4*b = -2, -2*r - 2*b + 8 = 2*b. Suppose 2*u = 5*o - 8, o = -4*u - 0*o + r. Let v be (3 + 13)*u/1. What is the greatest common divisor of 40 and v?
8
Let m = 4 + -6. Let y(k) = -3*k - 5. Let x be y(m). Calculate the highest common factor of 9 and x.
1
Let t(y) = y**2 - y - 4. Let l = 4 + -7. Let a be t(l). Suppose -3*b + 101 = 5*s, 0 = -2*s + 2*b + 42 - a. Calculate the greatest common divisor of s and 57.
19
Suppose -w - 2*w + 120 = 0. Let y be 1 - (1 + -3 - 2). Suppose c + w = y*c. Calculate the greatest common factor of c and 5.
5
Let y = -30 - -38. Calculate the greatest common factor of y and 1.
1
Suppose -2*x + 6 = x. Let o = 3 + x. Suppose o*j - 4*p = 135, -j + 5*p = 3*j - 108. What is the highest common factor of 18 and j?
9
Suppose 2*p + 4 = -4. Let f be p + 7 + 51/1. Calculate the greatest common divisor of f and 6.
6
Suppose -5*g + 74 = 4*v, 3*g + g = 4*v - 56. Calculate the greatest common divisor of v and 24.
8
Let a = 279 - 136. Calculate the highest common divisor of a and 13.
13
Suppose 0 = 5*w - 156 - 214. Suppose -4*b = -w - 22. Calculate the greatest common factor of b and 96.
24
Let l(g) = -28*g - 195. Let s be l(-7). Suppose w + 5*f - 28 = 0, f = 3*w - 4*w + 12. What is the greatest common factor of w and s?
1
Suppose -f = -4*y + 88, -31 = -f + y - 128. Suppose 3*o - 2*k = -o - 714, -3*o = -4*k + 543. Let u = f - o. Calculate the greatest common factor of u and 7.
7
Let r be 394/11 + (-2)/(-11). Calculate the highest common factor of r and 18.
18
Let q = 60 - -83. What is the highest common factor of q and 11?
11
Suppose -f + 4*x + 25 = 0, -2*x + 8 - 3 = 3*f. Let s = 256 - 129. Suppose s + 38 = f*v. Calculate the highest common divisor of 3 and v.
3
Let x be (91/21)/((-1)/(-27)). Calculate the greatest common factor of x and 78.
39
Suppose -f + 4*g = -0*f, 2*f + g = 0. Let s(r) = r**3 - r**2 + r + 2. Let a be s(f). Calculate the greatest common divisor of 5 and a.
1
Suppose -q - 4*o = -0*q - 72, o = -5*q + 379. Suppose q = -t + 5*t - x, -19 = -t + 3*x. Let m = 200 - 10. What is the greatest common factor of m and t?
19
Let m = 156 + -93. Calculate the highest common factor of 7 and m.
7
Let k = 27 - -27. What is the highest common divisor of 6 and k?
6
Suppose 2*n + 280 = 2*z, -5*n = -3*z + 78 + 350. Calculate the highest common factor of 17 and z.
17
Suppose 9*j = 4*j + 385. Suppose 44 = -15*s + 19*s. What is the highest common factor of s and j?
11
Suppose 0*w = -3*w - 168. Let m be w/(-10) + (-2)/(-5). What is the highest common divisor of m and 6?
6
Let d = -130 + 135. Calculate the highest common factor of 5 and d.
5
Suppose 9 = 4*d - d. Let m(p) = p**2 - p. Let t be m(d). Suppose -2*n = -t*n + 4. What is the greatest common divisor of n and 10?
1
Suppose 0 = 2*j + 1 - 5. Let q be j + (1 + 10 - -2). Calculate the highest common factor of q and 3.
3
Suppose 5*m + 385 = 5*z, z - m - m = 77. Calculate the greatest common factor of z and 7.
7
Suppose -7*m - 63 = -4*o - 2*m, -3*m + 3 = 0. Calculate the greatest common divisor of o and 68.
17
Suppose -2*m = -s + 5 - 28, 0 = 2*s + 6. Suppose -33*b + 29*b + 120 = 0. What is the greatest common divisor of m and b?
10
Let x(a) = 8*a - 42. Let c be x(11). Calculate the greatest common divisor of c and 414.
46
Suppose 4*v - 19 = -3*y, -2*y - 14 = -5*v + v. Let u be 14/7 - (y - 3). What is the highest common factor of 8 and u?
4
Suppose 0 = -4*f + 431 + 289. Suppose 3*o - 54 = f. Suppose 0 = -5*g + 8 + 252. Calculate the highest common factor of g and o.
26
Let k be (-4)/(-3)*87/2. Suppose -161 - 271 = -3*j + 3*n, -147 = -j - 2*n. What is the greatest common divisor of k and j?
29
Let c be (-9)/(-30)*2 + 262/5. Calculate the highest common divisor of c and 53.
53
Let t be -1 - 2/2*-70. Suppose -t = -h - y, -h + 3 = -4*y - 41. What is the highest common factor of 8 and h?
8
Suppose -w + 6 = 4*o + w, -4*o = -5*w + 15. Let v = 6 + o. What is the greatest common divisor of v and 42?
6
Let o = 54 - 30. Let u = o - 9. What is the greatest common factor of u and 3?
3
Let u be ((-8)/(-6))/((-6)/(-27)). Let f = 4 + u. Let i be 2/(-5) - (-308)/70. Calculate the greatest common divisor of i and f.
2
Suppose i - 154 - 26 = 0. Calculate the greatest common factor of 20 and i.
20
Suppose -j = -g - 14, 6*j + 5*g - 38 = 2*j. Calculate the greatest common divisor of j and 96.
12
Suppose -3*t + 0*t + 4*v - 98 = 0, -92 = 2*t + 4*v. Let h be 2/((-4)/t*1). What is the highest common divisor of h and 171?
19
Let y = -7 - -13. Suppose 0 = g + 3*i - y, -3*g + 3*i + 7 = i. Suppose 2*r - k = 194, 2*r - g*r = -4*k - 104. What is the highest common divisor of 12 and r?
12
Let r(m) = -31*m + 2. Suppose 0 = 5*d - 3 + 13. Let b be r(d). Calculate the highest common factor of b and 16.
16
Let k(b) = -8*b**2 - b - 2. Let g be k(2). Let x be (g/42)/(1/(-7)). Suppose -4*u = -6 - 6. What is the greatest common factor of x and u?
3
Suppose -63*q + 56 = -59*q. What is the greatest common divisor of 112 and q?
14
Let t = 96 - 91. Calculate the highest common divisor of 20 and t.
5
Let y be 41 + (2 - 3) + 0. Suppose 0 = 3*q - 4*c - 38, -3*q + 2*c = -0*c - 34. What is the greatest common factor of y and q?
10
Let o = 107 + -101. Suppose -5*h + 14 = -16. Calculate the highest common divisor of o and h.
6
Let g(s) = -7*s**2 - 2. Let a be g(-4). Let d = a + 186. Suppose 8 + 10 = 2*o. What is the greatest common divisor of d and o?
9
Suppose -15 - 1 = 4*o. Let l(c) = -4*c + 4. Let a be l(o). Calculate the highest common divisor of 8 and a.
4
Suppose 2*j = 47 + 3. What is the greatest common divisor of 75 and j?
25
Let a = 1 + 169. Calculate the greatest common divisor of 34 and a.
34
Let f be 0 + (-23 - 1)/(-4). Let i(x) = x**3 - 5*x**2 + 7*x - 6. Let b be i(4). Let s be (8/f)/(2/b). What is the highest common divisor of s and 12?
4
Suppose -268 = -7*b + 26. What is the highest common divisor of 42 and b?
42
Let t(s) = -s**2 - 5*s + 7. Let b be t(-5). Let d(g) = -g**3 - 2*g**2 - 3*g - 4. Let l be d(-3). What is the highest common divisor of l and b?
7
Suppose 2*k + 3*z - 285 = -2*k, 4*k - 293 = 5*z. Calculate the highest common factor of k and 9.
9
Suppose -y + 16 = 3*j, y = -2*j - 3*y - 6. Calculate the highest common factor of 2 and j.
1
Let t(b) = -73*b - 2. Let z be t(-2). Calculate the highest common factor of 18 and z.
18
Suppose -2*s = -a - 0*a - 15, 0 = -3*s + a + 25. Suppose 14 = 5*c + 4. Let b(k) = 51*k - 2. Let r be b(c). Calculate the highest common factor of r and s.
10
Let t be (20/6)/(2/3). Suppose -8 = -3*s - s. Suppose b = x + 7, x + 11 = 2*b - s*x. Calculate the highest common factor of b and t.
5
Let u be -5 - (1 - (-3 + 12)). Calculate the highest common factor of 21 and u.
3
Suppose -4*j + 60 = 3*d, 3*d = 2*j - 0*j - 12. What is the highest common factor of j and 96?
12
Suppose -100 = -5*w + 5*h, -2 = -0*w - w - 5*h. Calculate the highest common divisor of w and 17.
17
Suppose 3*d = -0*d - 219. Let u = 105 + d. What is the highest common factor of 16 and u?
16
Let o(n) = 4*n**2 + n - 3. Let g be o(-2). Calculate the greatest common divisor of g and 44.
11
Suppose -4*p - 25 = -9*p. Suppose t - 5 = -5*c, 9*c + p*t - 5 = 4*c. Let w be 39 - ((0 - 1) + c). What is the greatest common factor of w and 13?
13
Let j(y) = 38*y**2 + 1. Let t be j(1). Suppose c + t = 2*c. What is the greatest common factor of c and 13?
13
Suppose w - 4*w = 21. Let y be 12*w/(21/10). Let t be y*(-1 + 2 - 2). Calculate the greatest common divisor of 60 and t.
20
Suppose 0*b = -2*b + 54. Suppose 3*r - b = -0. Suppose s - 4 - 77 = 0. What is the greatest common factor of s and r?
9
Let g(j) = 40*j - 6. Let h be g(4). Let a = 23 - 1. What is the highest common divisor of a and h?
22
Suppose 2*z + 82 = -q - q, -5*z + 4*q = 241. Let d = z - -87. Calculate the highest common divisor of d and 105.
21
Suppose 2*f + 55 = 5*t, 2*t = 3*t - 2*f - 11. Calculate the highest common divisor of t a